d 19176?
12
What is the greatest common divisor of 70 and 238?
14
Calculate the greatest common divisor of 29 and 2987.
29
Calculate the greatest common divisor of 80 and 16.
16
Calculate the greatest common divisor of 361 and 133.
19
What is the greatest common factor of 943 and 23?
23
What is the highest common factor of 8 and 6676?
4
Calculate the greatest common divisor of 200 and 920.
40
Calculate the highest common divisor of 216 and 16146.
54
What is the highest common divisor of 282 and 658?
94
Calculate the highest common factor of 663 and 156.
39
What is the greatest common divisor of 324 and 3372?
12
What is the highest common divisor of 57 and 798?
57
Calculate the highest common factor of 256 and 384.
128
Calculate the highest common factor of 280 and 56.
56
Calculate the highest common factor of 42 and 28.
14
Calculate the highest common factor of 1188 and 1620.
108
What is the greatest common divisor of 2060 and 15?
5
What is the highest common factor of 798 and 14?
14
Calculate the greatest common divisor of 1397 and 11.
11
What is the highest common factor of 170 and 1870?
170
What is the greatest common divisor of 49 and 3136?
49
Calculate the highest common divisor of 1872 and 36.
36
What is the highest common factor of 28 and 658?
14
What is the highest common divisor of 88 and 1528?
8
Calculate the highest common factor of 24 and 1500.
12
What is the greatest common divisor of 36 and 522?
18
What is the highest common divisor of 655 and 235?
5
Calculate the greatest common factor of 136 and 850.
34
Calculate the highest common factor of 8 and 12952.
8
Calculate the highest common divisor of 155 and 6913.
31
What is the greatest common divisor of 2064 and 602?
86
Calculate the highest common factor of 2457 and 42.
21
What is the greatest common divisor of 4592 and 64?
16
Calculate the greatest common divisor of 450 and 100.
50
What is the highest common factor of 943 and 23?
23
What is the highest common divisor of 760 and 40?
40
What is the highest common factor of 84 and 378?
42
What is the highest common factor of 288 and 9?
9
Calculate the greatest common divisor of 25 and 115.
5
What is the highest common divisor of 730 and 20?
10
Calculate the highest common factor of 682 and 558.
62
Calculate the greatest common factor of 194 and 16.
2
Calculate the greatest common factor of 4 and 32.
4
What is the greatest common divisor of 1074 and 6?
6
Calculate the greatest common divisor of 54 and 9747.
27
What is the highest common factor of 290 and 10?
10
Calculate the greatest common divisor of 67 and 24.
1
What is the highest common factor of 180 and 1020?
60
Calculate the greatest common divisor of 9 and 279.
9
Calculate the greatest common factor of 24 and 66.
6
What is the greatest common divisor of 252 and 972?
36
What is the greatest common factor of 35 and 16205?
35
Calculate the highest common factor of 56 and 1248.
8
What is the greatest common divisor of 11 and 48785?
11
Calculate the greatest common divisor of 25 and 1425.
25
Calculate the highest common factor of 28 and 4748.
4
Calculate the greatest common factor of 8 and 1816.
8
What is the highest common divisor of 150 and 800?
50
What is the highest common divisor of 16609 and 17?
17
What is the highest common factor of 49 and 161?
7
What is the greatest common divisor of 238 and 56?
14
What is the highest common factor of 37632 and 48?
48
Calculate the highest common divisor of 32 and 1000.
8
Calculate the greatest common divisor of 325 and 338.
13
What is the greatest common divisor of 45 and 2655?
45
What is the greatest common divisor of 5 and 1120?
5
Calculate the greatest common factor of 156 and 689.
13
Calculate the highest common divisor of 143 and 13.
13
Calculate the greatest common divisor of 17908 and 363.
121
Calculate the highest common divisor of 5 and 115.
5
Calculate the greatest common divisor of 90 and 1030.
10
What is the greatest common factor of 11 and 10351?
11
What is the highest common factor of 31 and 2759?
31
Calculate the greatest common factor of 83527 and 101.
101
What is the greatest common divisor of 109 and 5341?
109
What is the highest common divisor of 1000 and 20?
20
What is the greatest common factor of 5870 and 10?
10
Calculate the highest common divisor of 2813 and 29.
29
What is the highest common divisor of 21825 and 450?
225
Calculate the greatest common divisor of 456 and 2888.
152
What is the greatest common factor of 434 and 56?
14
What is the highest common factor of 3152 and 784?
16
Calculate the greatest common factor of 46 and 23.
23
Calculate the greatest common divisor of 869 and 158.
79
What is the greatest common factor of 2255 and 82?
41
What is the greatest common factor of 1460 and 340?
20
Calculate the highest common factor of 9 and 23319.
9
What is the highest common divisor of 3516 and 24?
12
Calculate the greatest common divisor of 8754 and 18.
6
What is the greatest common factor of 1 and 2?
1
Calculate the highest common factor of 146 and 5.
1
What is the greatest common divisor of 15 and 1833?
3
What is the highest common factor of 43 and 2537?
43
What is the greatest common factor of 651 and 8029?
217
Calculate the greatest common divisor of 14 and 567.
7
What is the highest common factor of 1616 and 48?
16
Calculate the greatest common divisor of 23650 and 10.
10
Calculate the greatest common divisor of 1 and 11.
1
What is the greatest common divisor of 14 and 284?
2
What is the greatest common divisor of 375 and 105?
15
Calculate the greatest common divisor of 288 and 36.
36
Calculate the highest common factor of 408 and 357.
51
What is the highest common divisor of 150 and 25?
25
Calculate the greatest common factor of 51 and 9.
3
Calculate the highest common factor of 4059 and 396.
99
Calculate the highest common factor of 1265 and 935.
55
Calculate the highest common divisor of 221 and 91.
13
What is the highest common divisor of 208 and 192?
16
Calculate the highest common factor of 26 and 299.
13
What is the highest common divisor of 148 and 5254?
74
What is the highest common divisor of 495 and 945?
45
Calculate the highest common factor of 19 and 3.
1
Calculate the highest common divisor of 175 and 1925.
175
What is the highest common divisor of 4 and 1024?
4
What is the highest common divisor of 134 and 2?
2
Calculate the highest common factor of 5 and 1555.
5
Calculate the greatest common divisor of 105 and 70.
35
What is the greatest common divisor of 38 and 190?
38
What is the highest common divisor of 455 and 175?
35
What is the highest common factor of 11 and 2827?
11
What is the greatest common divisor of 72 and 5448?
24
What is the highest common factor of 322 and 28?
14
What is the greatest common divisor of 160 and 25?
5
What is the greatest common factor of 58 and 11919?
29
What is the highest common factor of 2304 and 18?
18
What is the greatest common factor of 50 and 125?
25
Calculate the greatest common factor of 3454 and 176.
22
Calculate the greatest common divisor of 1392 and 29.
29
Calculate the greatest common divisor of 42 and 63.
21
Calculate the highest common factor of 341 and 93.
31
What is the highest common divisor of 288 and 9036?
36
What is the highest common divisor of 368 and 2832?
16
What is the highest common divisor of 588 and 1164?
12
Calculate the greatest common divisor of 16 and 1296.
16
What is the greatest common factor of 63 and 2097?
9
What is the greatest common divisor of 513 and 9?
9
What is the highest common factor of 11222 and 124?
62
What is the highest common divisor of 11 and 1?
1
Calculate the greatest common factor of 7093 and 346.
173
Calculate the highest common divisor of 18 and 837.
9
What is the highest common factor of 3 and 18?
3
Calculate the greatest common factor of 4 and 710.
2
What is the highest common factor of 28 and 161?
7
What is the highest common factor of 113 and 17176?
113
What is the greatest common divisor of 156 and 390?
78
Calculate the greatest common factor of 90 and 270.
90
Calculate the highest common factor of 38 and 114.
38
Calculate the greatest common divisor of 145 and 25.
5
Calculate the greatest common divisor of 1592 and 24.
8
What is the greatest common factor of 1104 and 621?
69
What is the g